it of 16270616?
6
What is the thousands digit of 254446346?
6
What is the tens digit of 907176494?
9
What is the hundreds digit of 2953290227?
2
What is the ten thousands digit of 873703229?
0
What is the ten millions digit of 362333248?
6
What is the tens digit of 34973052?
5
What is the units digit of 15180641?
1
What is the ten thousands digit of 6456469238?
6
What is the millions digit of 1190971744?
0
What is the hundred thousands digit of 2298753220?
7
What is the thousands digit of 86429358?
9
What is the tens digit of 655780956?
5
What is the hundred thousands digit of 152320019?
3
What is the ten thousands digit of 107311510?
1
What is the tens digit of 888985557?
5
What is the millions digit of 709389630?
9
What is the billions digit of 1813131986?
1
What is the hundreds digit of 122672229?
2
What is the tens digit of 4080511989?
8
What is the hundred thousands digit of 19866925?
8
What is the hundred thousands digit of 1317052658?
0
What is the ten thousands digit of 4262862171?
6
What is the units digit of 1382303056?
6
What is the hundred thousands digit of 170208656?
2
What is the millions digit of 104619233?
4
What is the tens digit of 1970253?
5
What is the units digit of 1013876996?
6
What is the ten millions digit of 74139857?
7
What is the hundreds digit of 1723802030?
0
What is the hundred thousands digit of 1083998404?
9
What is the tens digit of 250565730?
3
What is the units digit of 2156856615?
5
What is the thousands digit of 79409995?
9
What is the units digit of 26593003?
3
What is the tens digit of 230421780?
8
What is the hundred thousands digit of 88760618?
7
What is the millions digit of 485620532?
5
What is the thousands digit of 141008586?
8
What is the units digit of 585585194?
4
What is the millions digit of 250214846?
0
What is the hundred thousands digit of 156007223?
0
What is the hundred thousands digit of 549106638?
1
What is the hundred millions digit of 8367596285?
3
What is the hundred thousands digit of 1584335941?
3
What is the millions digit of 445278260?
5
What is the hundred thousands digit of 231511217?
5
What is the hundred millions digit of 393190150?
3
What is the thousands digit of 169283192?
3
What is the hundreds digit of 3446562679?
6
What is the thousands digit of 372059232?
9
What is the ten millions digit of 39042822?
3
What is the thousands digit of 2442444894?
4
What is the hundred thousands digit of 3123957478?
9
What is the millions digit of 658479897?
8
What is the ten millions digit of 2158090502?
5
What is the billions digit of 4068748971?
4
What is the millions digit of 23321563?
3
What is the millions digit of 460999217?
0
What is the thousands digit of 50750838?
0
What is the millions digit of 3023871325?
3
What is the ten millions digit of 62237581?
6
What is the thousands digit of 1702918247?
8
What is the units digit of 19985494?
4
What is the thousands digit of 18719991?
9
What is the units digit of 1774377567?
7
What is the units digit of 1598315225?
5
What is the tens digit of 266344814?
1
What is the tens digit of 881171546?
4
What is the ten millions digit of 38455860?
3
What is the tens digit of 28221185?
8
What is the ten millions digit of 36313471?
3
What is the tens digit of 4334797153?
5
What is the hundred millions digit of 578781189?
5
What is the units digit of 514701405?
5
What is the hundred thousands digit of 1698192183?
1
What is the tens digit of 128843750?
5
What is the tens digit of 1992766674?
7
What is the hundred millions digit of 114744340?
1
What is the ten millions digit of 1907853856?
0
What is the hundred thousands digit of 92358459?
3
What is the units digit of 49497920?
0
What is the millions digit of 311979047?
1
What is the units digit of 129755563?
3
What is the hundred thousands digit of 55480740?
4
What is the units digit of 996246967?
7
What is the hundreds digit of 45657470?
4
What is the ten thousands digit of 4574781760?
8
What is the millions digit of 48433269?
8
What is the ten millions digit of 127059251?
2
What is the hundred millions digit of 258694458?
2
What is the hundreds digit of 72115206?
2
What is the thousands digit of 86221327?
1
What is the units digit of 190648422?
2
What is the hundred millions digit of 126603309?
1
What is the billions digit of 2238752638?
2
What is the hundred thousands digit of 2794568372?
5
What is the hundred thousands digit of 88180244?
1
What is the millions digit of 557193799?
7
What is the hundred millions digit of 512567805?
5
What is the ten thousands digit of 11658775?
5
What is the units digit of 258419010?
0
What is the hundred millions digit of 772495594?
7
What is the hundred thousands digit of 5536819762?
8
What is the hundred thousands digit of 1165795544?
7
What is the hundred thousands digit of 22056709?
0
What is the ten millions digit of 119770290?
1
What is the thousands digit of 11966542?
6
What is the units digit of 460247550?
0
What is the ten thousands digit of 270118679?
1
What is the units digit of 171705836?
6
What is the thousands digit of 238760689?
0
What is the units digit of 112163375?
5
What is the hundred millions digit of 429792589?
4
What is the hundred thousands digit of 1176737183?
7
What is the ten thousands digit of 74099847?
9
What is the hundred thousands digit of 346914131?
9
What is the ten thousands digit of 368795302?
9
What is the hundred thousands digit of 30240522?
2
What is the thousands digit of 74022526?
2
What is the units digit of 7617952?
2
What is the ten thousands digit of 7642543767?
4
What is the hundreds digit of 564877215?
2
What is the hundred millions digit of 756100776?
7
What is the tens digit of 318174568?
6
What is the ten millions digit of 579560953?
7
What is the units digit of 101434439?
9
What is the ten thousands digit of 13704203?
0
What is the hundreds digit of 401229687?
6
What is the tens digit of 3606471896?
9
What is the hundred millions digit of 1536246512?
5
What is the thousands digit of 73065992?
5
What is the ten millions digit of 481076434?
8
What is the units digit of 57336842?
2
What is the tens digit of 165512397?
9
What is the ten millions digit of 5133030161?
3
What is the thousands digit of 526886095?
6
What is the hundreds digit of 4413837?
8
What is the tens digit of 16052119?
1
What is the ten millions digit of 38913459?
3
What is the thousands digit of 42077030?
7
What is the millions digit of 25932804?
5
What is the billions digit of 1103973982?
1
What is the ten millions digit of 121592183?
2
What is the millions digit of 95461831?
5
What is the hundred millions digit of 1046545715?
0
What is the ten thousands digit of 6732975413?
7
What is the thousands digit of 9633633611?
3
What is the ten thousands digit of 4341346859?
4
What is the ten millions digit of 3475971419?
7
What is the thousands digit of 45708665?
8
What is the units digit of 218268979?
9
What is the units digit of 301496025?
5
What is the billions digit of 2931040909?
2
What is the millions digit of 169793650?
9
What is the hundred thousands digit of 30523722?
5
What is the hundred millions digit of 1742055996?
7
What is the hundred millions digit of 175081786?
1
What is the thousands digit of 587266424?
6
What is the hundred millions digit of 348085839?
3
What is the hundred thousands digit of 59228316?
2
What is the hundred millions digit of 3417520076?
4
What is the tens digit of 956154010?
1
What is the thousands digit of 30135869?
5
What is the tens digit of 39431563?
6
What is the ten millions digit of 319188896?
1
What is the millions digit of 384160888?
4
What is the units digit of 9720621?
1
What is the thousands digit of 356546849?
6
What is the tens digit of 218680091?
9
What is the thousands digit of 296209583?
9
What is the hundred millions digit of 135148596?
1
What is the hundreds digit of 146542053?
0
What is the ten millions digit of 666231559?
6
What is the millions digit of 5965925?
5
What is the tens digit of 962518370?
7
What is the ten millions digit of 933705493?
3
What is the hundred thousands digit of 570727808?
7
What is the millions digit of 41668926?
1
What is the tens digit of 86122492?
9
What is the ten thousands digit of 3875283916?
8
What is the ten thousands digit of 153875362?
7
What is the millions 